ate the remainder when 1480 is divided by 503.
474
What is the remainder when 1816788 is divided by 300?
288
What is the remainder when 13248 is divided by 55?
48
Calculate the remainder when 185126 is divided by 726.
722
What is the remainder when 10503 is divided by 10489?
14
What is the remainder when 1054 is divided by 412?
230
Calculate the remainder when 3715 is divided by 927.
7
Calculate the remainder when 1663 is divided by 140.
123
What is the remainder when 51885 is divided by 376?
373
What is the remainder when 14491 is divided by 89?
73
Calculate the remainder when 66574 is divided by 255.
19
Calculate the remainder when 34623 is divided by 17281.
61
Calculate the remainder when 2625 is divided by 1251.
123
Calculate the remainder when 269 is divided by 22.
5
What is the remainder when 1028997 is divided by 28?
25
What is the remainder when 619 is divided by 585?
34
Calculate the remainder when 8080 is divided by 67.
40
What is the remainder when 25934 is divided by 164?
22
Calculate the remainder when 109445 is divided by 36475.
20
Calculate the remainder when 19307 is divided by 63.
29
What is the remainder when 22204 is divided by 300?
4
Calculate the remainder when 876 is divided by 427.
22
What is the remainder when 35113 is divided by 5750?
613
Calculate the remainder when 1044 is divided by 96.
84
Calculate the remainder when 47595 is divided by 1358.
65
What is the remainder when 36682 is divided by 145?
142
What is the remainder when 28493 is divided by 59?
55
What is the remainder when 1074 is divided by 134?
2
Calculate the remainder when 72282 is divided by 106.
96
What is the remainder when 15401 is divided by 15?
11
Calculate the remainder when 20232 is divided by 355.
352
Calculate the remainder when 5248 is divided by 142.
136
Calculate the remainder when 284535 is divided by 284524.
11
Calculate the remainder when 380 is divided by 92.
12
Calculate the remainder when 881711 is divided by 624.
623
Calculate the remainder when 524349 is divided by 104868.
9
Calculate the remainder when 686093 is divided by 4398.
5
What is the remainder when 227594 is divided by 17507?
3
Calculate the remainder when 16114 is divided by 21.
7
Calculate the remainder when 15025 is divided by 23.
6
What is the remainder when 31583 is divided by 28?
27
Calculate the remainder when 20142 is divided by 138.
132
What is the remainder when 73563 is divided by 339?
0
What is the remainder when 3500 is divided by 1748?
4
Calculate the remainder when 10135 is divided by 3301.
232
Calculate the remainder when 406 is divided by 248.
158
What is the remainder when 3404 is divided by 1578?
248
Calculate the remainder when 26574 is divided by 538.
212
What is the remainder when 9598 is divided by 320?
318
Calculate the remainder when 1821 is divided by 52.
1
What is the remainder when 11510 is divided by 519?
92
Calculate the remainder when 38999 is divided by 520.
519
Calculate the remainder when 2774622 is divided by 151.
148
Calculate the remainder when 31307 is divided by 213.
209
Calculate the remainder when 581 is divided by 532.
49
What is the remainder when 9202 is divided by 365?
77
What is the remainder when 2161 is divided by 138?
91
What is the remainder when 5732053 is divided by 105?
103
Calculate the remainder when 6214 is divided by 519.
505
Calculate the remainder when 2932 is divided by 97.
22
What is the remainder when 594770 is divided by 8377?
3
Calculate the remainder when 49797 is divided by 30.
27
What is the remainder when 13640 is divided by 378?
32
What is the remainder when 378275 is divided by 31522?
11
Calculate the remainder when 13917 is divided by 6952.
13
What is the remainder when 44 is divided by 16?
12
What is the remainder when 3189 is divided by 1048?
45
What is the remainder when 5017695 is divided by 10?
5
What is the remainder when 79037 is divided by 64?
61
Calculate the remainder when 47743 is divided by 678.
283
What is the remainder when 11059 is divided by 198?
169
Calculate the remainder when 294340 is divided by 70.
60
What is the remainder when 24336 is divided by 623?
39
What is the remainder when 23092 is divided by 930?
772
Calculate the remainder when 477347 is divided by 55.
2
Calculate the remainder when 1848052 is divided by 541.
537
Calculate the remainder when 11965 is divided by 386.
385
Calculate the remainder when 28323 is divided by 1125.
198
What is the remainder when 567 is divided by 520?
47
What is the remainder when 34778 is divided by 6953?
13
What is the remainder when 15173 is divided by 276?
269
Calculate the remainder when 1006874 is divided by 11.
0
What is the remainder when 41674 is divided by 48?
10
Calculate the remainder when 955034 is divided by 45.
44
Calculate the remainder when 22131 is divided by 26.
5
Calculate the remainder when 238879 is divided by 1057.
1054
What is the remainder when 1001 is divided by 85?
66
Calculate the remainder when 317 is divided by 313.
4
What is the remainder when 257180 is divided by 846?
842
What is the remainder when 1976 is divided by 249?
233
Calculate the remainder when 19019 is divided by 501.
482
Calculate the remainder when 222993 is divided by 7964.
1
Calculate the remainder when 11271 is divided by 120.
111
Calculate the remainder when 332 is divided by 16.
12
Calculate the remainder when 1924284 is divided by 90.
84
What is the remainder when 685460 is divided by 59?
57
What is the remainder when 4854 is divided by 116?
98
What is the remainder when 14966604 is divided by 23?
21
Calculate the remainder when 8628 is divided by 28.
4
What is the remainder when 354056 is divided by 730?
6
Calculate the remainder when 12809 is divided by 122.
121
What is the remainder when 30698 is divided by 258?
254
Calculate the remainder when 31189 is divided by 248.
189
Calculate the remainder when 21221 is divided by 21.
11
Calculate the remainder when 5824 is divided by 823.
63
Calculate the remainder when 591372 is divided by 25.
22
What is the remainder when 49495 is divided by 1177?
61
What is the remainder when 6529 is divided by 1296?
49
What is the remainder when 772 is divided by 18?
16
What is the remainder when 569 is divided by 136?
25
What is the remainder when 20063 is divided by 79?
76
What is the remainder when 55118 is divided by 212?
210
Calculate the remainder when 27662 is divided by 1383.
2
Calculate the remainder when 29147 is divided by 1535.
1517
What is the remainder when 3550 is divided by 235?
25
What is the remainder when 438519 is divided by 37?
32
Calculate the remainder when 463 is divided by 20.
3
Calculate the remainder when 26248 is divided by 820.
8
Calculate the remainder when 10472 is divided by 116.
32
Calculate the remainder when 13798 is divided by 12.
10
What is the remainder when 1350 is divided by 187?
41
What is the remainder when 143765 is divided by 47921?
2
What is the remainder when 23243 is divided by 7745?
8
What is the remainder when 37997 is divided by 5421?
50
What is the remainder when 1953 is divided by 481?
29
Calculate the remainder when 19173 is divided by 1588.
117
Calculate the remainder when 27953 is divided by 485.
308
What is the remainder when 6304 is divided by 2048?
160
Calculate the remainder when 6081 is divided by 58.
49
What is the remainder when 23895 is divided by 597?
15
Calculate the remainder when 413 is divided by 122.
47
Calculate the remainder when 4204 is divided by 79.
17
Calculate the remainder when 18077 is divided by 35.
17
What is the remainder when 882 is divided by 366?
150
What is the remainder when 2058 is divided by 696?
666
What is the remainder when 1811 is divided by 191?
92
What is the remainder when 5878191 is divided by 1959397?
0
What is the remainder when 1561 is divided by 522?
517
Calculate the remainder when 677 is divided by 268.
141
What is the remainder when 15604 is divided by 1200?
4
What is the remainder when 252277 is divided by 40?
37
Calculate the remainder when 5140 is divided by 944.
420
What is the remainder when 6634 is divided by 414?
10
What is the remainder when 1540 is divided by 734?
72
Calculate the remainder when 50034 is divided by 197.
193
What is the remainder when 10418 is divided by 2532?
290
Calculate the remaind